umber?
False
Is 56361 composite?
True
Is 322657 a composite number?
True
Is 172381 a composite number?
True
Is 24499 composite?
False
Is 99233 prime?
True
Is 461959 a prime number?
False
Is 1994299 composite?
False
Is 295807 a composite number?
True
Is 19369 a composite number?
True
Is 13541 prime?
False
Is 771727 a composite number?
True
Is 471 a composite number?
True
Is 662894 composite?
True
Is 493 a prime number?
False
Is 13259 a prime number?
True
Is 6431 a composite number?
True
Is 155065 prime?
False
Is 13463 a composite number?
False
Is 5749 prime?
True
Is 34003 a prime number?
False
Is 1043111 a composite number?
False
Is 221 a composite number?
True
Is 141055 composite?
True
Is 852333 composite?
True
Is 6947 prime?
True
Is 19841 a composite number?
False
Is 515041 a composite number?
False
Is 10319 composite?
True
Is 80557 a prime number?
True
Is 247177 prime?
False
Is 570189 composite?
True
Is 26281 a composite number?
True
Is 1075561 a composite number?
False
Is 1774183 a composite number?
False
Is 21379 prime?
True
Is 3593 a prime number?
True
Is 177845 a composite number?
True
Is 237322 a composite number?
True
Is 21053 a prime number?
False
Is 13235 composite?
True
Is 561173 prime?
True
Is 3281821 a composite number?
False
Is 385553 prime?
False
Is 115237 a prime number?
True
Is 413 a prime number?
False
Is 13777 prime?
False
Is 389054 a prime number?
False
Is 168127 a composite number?
False
Is 477833 a prime number?
False
Is 24901 a composite number?
True
Is 127271 a composite number?
False
Is 307 a composite number?
False
Is 14797 composite?
False
Is 7177 a prime number?
True
Is 1163037 prime?
False
Is 821179 a prime number?
False
Is 43445 a composite number?
True
Is 3217321 prime?
True
Is 69145 a prime number?
False
Is 1651 composite?
True
Is 309065 composite?
True
Is 5273 prime?
True
Is 56697 prime?
False
Is 43697 a prime number?
False
Is 230743 a composite number?
False
Is 163041 composite?
True
Is 553 prime?
False
Is 185897 a prime number?
True
Is 175091 a composite number?
True
Is 77431 prime?
True
Is 220501 prime?
False
Is 86323 composite?
False
Is 68633 a composite number?
False
Is 649 a prime number?
False
Is 21815 a composite number?
True
Is 242983 a prime number?
False
Is 8009 a prime number?
True
Is 11923 a composite number?
False
Is 6403 a prime number?
False
Is 13781 prime?
True
Is 169769 a composite number?
False
Is 10477 composite?
False
Is 348209 a prime number?
True
Is 18353 composite?
False
Is 1583003 a prime number?
True
Is 30161 a composite number?
False
Is 70529 a composite number?
False
Is 189065 prime?
False
Is 4283 a composite number?
False
Is 5981 composite?
False
Is 410573 a prime number?
False
Is 4278581 composite?
True
Is 20089 composite?
False
Is 16171 a composite number?
True
Is 245789 a composite number?
False
Is 170747 prime?
False
Is 300929 a composite number?
False
Is 954867 composite?
True
Is 1325859 composite?
True
Is 1720747 a prime number?
False
Is 501563 prime?
True
Is 20671 prime?
False
Is 4699 a composite number?
True
Is 57949 composite?
True
Is 14809 prime?
False
Is 85889 a prime number?
True
Is 9407 a prime number?
False
Is 96601 a prime number?
True
Is 4907 prime?
False
Is 21961 composite?
False
Is 1889 prime?
True
Is 4547 prime?
True
Is 5899 composite?
True
Is 40387 composite?
False
Is 105637 a composite number?
True
Is 21293 composite?
True
Is 19687 a composite number?
False
Is 10057 a prime number?
False
Is 45523 a composite number?
False
Is 186259 composite?
False
Is 23047 composite?
True
Is 26303 a prime number?
False
Is 3095123 composite?
False
Is 385223 prime?
True
Is 402557 composite?
True
Is 24755 prime?
False
Is 16999 a prime number?
False
Is 368087 prime?
False
Is 3989 a composite number?
False
Is 3503 composite?
True
Is 289129 composite?
False
Is 51749 a prime number?
True
Is 689686 a prime number?
False
Is 14165 composite?
True
Is 132493 a prime number?
False
Is 51785 composite?
True
Is 3898 prime?
False
Is 1007 prime?
False
Is 4385 prime?
False
Is 1825837 a prime number?
False
Is 664421 a composite number?
False
Is 30133 composite?
False
Is 236653 prime?
True
Is 116131 a prime number?
True
Is 6491 a composite number?
False
Is 1528171 a prime number?
True
Is 341921 a composite number?
True
Is 92551 composite?
False
Is 60589 composite?
False
Is 7342 a prime number?
False
Is 272671 a prime number?
False
Is 3487 a composite number?
True
Is 49641 prime?
False
Is 4111 prime?
True
Is 91883 prime?
False
Is 3149 prime?
False
Is 661603 a prime number?
True
Is 12571 a composite number?
True
Is 188393 prime?
False
Is 6449 a prime number?
True
Is 689818 composite?
True
Is 202961 a composite number?
True
Is 7814 a composite number?
True
Is 11579 composite?
False
Is 1053953 a prime number?
True
Is 21001 composite?
False
Is 3985 a composite number?
True
Is 3163 a composite number?
False
Is 10801 a composite number?
True
Is 9505 a prime number?
False
Is 5449 composite?
False
Is 83767 a prime number?
False
Is 3443 prime?
False
Is 36911 a composite number?
True
Is 55343 a prime number?
True
Is 1149341 composite?
False
Is 1668299 composite?
False
Is 5449 a composite number?
False
Is 196759 composite?
True
Is 3843259 composite?
True
Is 6113 a prime number?
True
Is 9286 a composite number?
True
Is 134542 prime?
False
Is 776029 composite?
False
Is 113081 a prime number?
True
Is 7499 composite?
False
Is 2735 a composite number?
True
Is 264437 a prime number?
True
Is 171827 composite?
False
Is 937121 composite?
False
Is 91691 composite?
False
Is 145931 composite?
False
Is 359 a prime number?
True
Is 39313 a prime number?
True
Is 314543 a composite number?
False
Is 77911 a prime number?
False
Is 15227 composite?
False
Is 331 prime?
True
Is 2521 a prime number?
True
Is 42031 a prime number?
False
Is 51469 a composite number?
True
Is 115671 composite?
True
Is 957706 a composite number?
True
Is 280729 a composite number?
False
Is 27551 a composite number?
False
Is 74017 a prime number?
True
Is 369247 a composite number?
False
Is 460535 prime?
False
Is 42797 prime?
True
Is 331691 composite?
False
Is 299539 composite?
False
Is 12373 a prime number?
True
Is 227947 prime?
True
Is 336307 a prime number?
True
Is 47573 a composite number?
True
Is 46219 prime?
True
Is 8489 prime?
False
Is 97505 prime?
False
Is 1536439 composite?
False
Is 159781 a composite number?
True
Is 3665 composite?
True
Is 239753 prime?
True
Is 434081 prime?
True
Is 14765 composite?
True
Is 14401 a prime number?
True
Is 43223 composite?
False
Is 5347 a composite number?
False
Is 111467 a prime number?
True
Is 34609 a prime number?
False
Is 46097 a composite number?
True
Is 43879 a composite number?
True
Is 24658 a composite number?
True
Is 2453 prime?
False
Is 74839 a composite number?
True
Is 340859 a prime number?
True
Is 37129 a prime number?
False
Is 59379 a composite number?
True
Is 12539 a composite number?
False
Is 43207 composite?
False
Is 19157 composite?
False
Is 19127 a prime number?
False
Is 538483 a prime number?
False
Is 1191503 prime?
False
Is 263899 composite?
False
Is 425669 composite?
True
Is 23917 a prime number?
True
Is 4711 prime?
False
Is 1256369 a prime number?
True
Is 493105 a composite number?
True
Is 3202 composite?
True
Is 84047 a prime number?
True
Is 1403 prime?
False
Is 1272983 composite?
False
Is 4281349 a prime number?
True
Is 446839 a composite number?
False
Is 65827 a prime number?
True
Is 164877 prime?
False
Is 52433 composite?
False
Is 108403 a composite number?
True
Is 61319 a prime number?
False
Is 51477 a prime number?
False
Is 4337 prime?
True
Is 16559 prime?
False
Is 135021 a prime number?
False
Is 1006063 composite?
False
Is 141461 a prime number?
True
Is 49601 prime?
False
Is 4621 prime?
True
Is 2203 a prime number?
True
Is 11299 prime?
True
Is 47339 prime?
True
Is 128887 composite?
True
Is 26501 a composite number?
False
Is 146 prime?
False
Is 34897 prime?
True
Is 391 a composite number?
True
Is 117877 prime?
True
Is 2689939 a prime number?
False
Is 27355 composite?
True
Is 19549 a prime number?
False
Is 65239 a prime number?
True
Is 253987 composite?
False
Is 84827 a prime number?
True
Is 1123 prime?
True
Is 29917 prime?
True
Is 7427 a composite number?
True
Is 7331 prime?
True
Is 4